er when 3 is divided by n(y).
0
Let i be 2/(2 - 0)*-6. Let x(o) be the first derivative of 2*o**3/3 + 3*o**2 - 3*o - 21. What is the remainder when x(i) is divided by 17?
16
Let i = 31 + -23. Let l = 11 - i. Calculate the remainder when 73 is divided by (l + 22 + 0)/1.
23
Let k = 75 - 61. Let c(n) = -8*n**3 + n + 1. Calculate the remainder when k is divided by c(-1).
6
What is the remainder when 9 is divided by 16/24*-1*-6?
1
Let l = -161 + 242. Let j be 3/6*-2 + -47. Calculate the remainder when l is divided by 42/8*j/(-18).
11
Let v(s) = 133*s + 3601. Let u be ((-200)/12)/(1/(-3)). Let p = u - 33. What is the remainder when p is divided by v(-27)?
7
Suppose -6*i = -i - 20. Suppose z + 4 = -3*s, -i*z = -s - z + 12. Suppose s = 3*l - 6*l + 129. What is the remainder when l is divided by 23?
20
Let r(s) = s**2 + 9*s + 29. Let j(q) = 2*q**2 + 9*q + 29. Let k(x) = 2*j(x) - 3*r(x). What is the remainder when 202 is divided by k(14)?
38
Suppose -4*p = -5*s + 92 + 38, 4*p - 110 = -3*s. What is the remainder when 31 is divided by 575/s - (-3)/(-18)?
12
Let n = 7 + 3. Let z(i) = i**2 - 9*i + 9. Let w be z(6). Let b = 12 + w. What is the remainder when n is divided by b?
1
Let r be (-3)/(-7) - (-1694)/49. Let i = r + -30. What is the remainder when 5 is divided by i?
0
Let b(k) be the first derivative of -k**4/4 + 8*k**3/3 - 2*k + 17. Calculate the remainder when b(7) is divided by (-46)/(-4) - 2/(-4).
11
Suppose 61 = 14*m - 65. Let y(r) = -4*r - 9. What is the remainder when y(-6) is divided by m?
6
What is the remainder when (-705)/(2 + -5) + (4 - 4) is divided by 34?
31
Calculate the remainder when 27 is divided by (((-270)/4)/9)/(5/(-10)).
12
Let g = 204 - 138. Calculate the remainder when 128 is divided by g.
62
Let d = 24 - 14. Let o = 5 - d. Let m(h) = -2*h + 9. What is the remainder when m(o) is divided by 5?
4
Calculate the remainder when -104*(-2 + (-1)/(-1)) is divided by (-1 - (-9 + 1)) + (12 - 4).
14
Suppose -49*s + 703 = -12*s. Calculate the remainder when 54 is divided by s.
16
Suppose -4*a + 5*i = -1626, 3*i - i = -4*a + 1612. Let w = a + -191. What is the remainder when w is divided by 9?
6
Let q(g) = -2*g**2 + 22*g - 48. Let x be q(12). Let y = x + 87. Calculate the remainder when 56 is divided by y.
11
Suppose -4*l - 42 = -170. Calculate the remainder when 156 is divided by l.
28
Suppose 5*p - 178 = k, -p - 8*k + 3*k = -20. Suppose -5*q + 97 - 32 = 0. Calculate the remainder when p is divided by q.
9
What is the remainder when 45 is divided by (2250/(-625))/(2/(-20))?
9
Let r = 45 - 34. Suppose 0*z + 286 = r*z. What is the remainder when 99 is divided by z?
21
Suppose -4*a - a + 17 = -3*b, 5*a - 22 = -2*b. Let r(j) = 4*j**2 - 6*j + 3. What is the remainder when r(a) is divided by 11?
10
Calculate the remainder when 68 is divided by 7 + -2 - (-20 + -9 + 5).
10
Suppose -1680 = -73*k - 7*k. What is the remainder when 1089 is divided by k?
18
Let x(t) = 7*t**2 - 20*t + 68. Calculate the remainder when x(5) is divided by 24.
23
Let a(r) = -r**3 + 7*r**2 + 4*r - 9. Let w be ((-12)/9 + 2)*21. Let o = w + -4. Calculate the remainder when a(7) is divided by o.
9
Let s(m) = -m**3 + 2*m**2 + 2*m - 1. Let i be s(2). Let j be (-7 + i + 10)*-1. Let f = j - -26. What is the remainder when f is divided by 8?
4
What is the remainder when 297 is divided by 17 - ((-320)/(-8))/8 - -3?
12
Let m(y) = 33*y + 245. What is the remainder when 92 is divided by m(-6)?
45
Suppose -32*x + 37*x = 3*q - 111, 0 = 4*q + 5*x - 148. What is the remainder when 623 is divided by q?
31
Suppose 3*n + 79 = k - 2*n, k + 3*n - 111 = 0. Let w(z) = -z**3 - 7*z**2 - 4*z + 6. Let g be -21*5/5*(-2)/(-6). What is the remainder when k is divided by w(g)?
31
Suppose 0 = -1359*h + 1362*h - 78. Calculate the remainder when h is divided by 24.
2
What is the remainder when 87 is divided by (-100)/(-25) + 132/4?
13
Suppose 99 = 7*h - 4*h. Let d(l) = -l**2 - 6*l - 3. Let y be d(-4). Suppose -h - y = -2*r. What is the remainder when 111 is divided by r?
16
Suppose 15*o - 23*o + 504 = 0. What is the remainder when o is divided by 14?
7
Suppose 5*z = 2*p + p - 154, 4*p = -z + 190. Suppose -5*x + 36 = -x. Let d = x + 4. What is the remainder when p is divided by d?
9
Suppose 4*q - 312 = 5*v, -8*v + 357 = 5*q - 6*v. Calculate the remainder when 145 is divided by q.
72
Let n(q) = -10*q - 106. Calculate the remainder when 130 is divided by n(-13).
10
Suppose -4*l - 10 = l. Let h be 8/3*(-27)/l. Let z = h - 25. Calculate the remainder when 40 is divided by z.
7
Suppose 0 = 3*x - 5*h - 4, h + 2 - 12 = -3*x. Suppose t + 158 = x*t. Let s(d) = d + 9. Calculate the remainder when t is divided by s(11).
19
Suppose 28 = r - 4*i - 25, -2*r + 78 = -i. Calculate the remainder when r is divided by 10.
7
Suppose 0 = -z + 2. Suppose 0 = z*k - 33 - 23. Suppose -k = -5*h + 107. What is the remainder when 52 is divided by h?
25
Suppose -60*f + 823 = -2117. What is the remainder when 80 is divided by f?
31
Let t be (-8)/30*3*-5. Suppose -v - 3*c = 2*c - 2, 5*c = -t*v + 8. What is the remainder when 41 is divided by 7/((-3 - -4)/v)?
13
Calculate the remainder when 94 is divided by (1/(-1))/((20/(-185))/4).
20
Let f(s) = 2*s - 4*s + 0*s - 11. Let b be f(-7). Suppose b*d = 16 + 41. Calculate the remainder when 37 is divided by d.
18
Suppose -61*i = -62*i - 5*c + 174, 4*i - 3*c = 742. Calculate the remainder when i is divided by 62.
60
Suppose 5*x + 5*s + 5 + 5 = 0, -3*x - 4*s = 2. Let o = 7 + x. Calculate the remainder when 83 is divided by o + (4 - -17) + -1.
20
Let k = -7 - -7. Suppose 0 = 4*s, 2*v + 5*s = -k*v - 32. Calculate the remainder when 5 is divided by v/(-5) - (-2)/(-10).
2
Let m = -79 - -156. Let b(z) = z**3 - z**2 + z + 13. Suppose -3*d - 9 = 5*y, -2*y - 2*d = 3 + 3. What is the remainder when m is divided by b(y)?
12
Suppose 9*s - 14 - 13 = 0. Suppose 3*t + 55 = m, 3*m - 2*m = -s*t + 79. Calculate the remainder when m is divided by 14.
11
Let z(c) = -3*c**2 - 5*c + 77. Calculate the remainder when 690 is divided by z(0).
74
Let p(r) = -r**3 + 14*r**2 - 3*r - 32. Calculate the remainder when p(13) is divided by 10.
8
Suppose -4*n + 5*k + 279 = 0, -3*n - 3*k + 319 = n. Suppose 4*i - i + 3*t - 72 = 0, 5*i = 2*t + 92. Calculate the remainder when n is divided by i.
16
Suppose 4 + 0 = y. Suppose -3*m = -y*l - 6*m + 128, -5*m - 20 = 0. Let n(c) = -19*c**2 - 30*c + 1. Calculate the remainder when l is divided by n(-1).
11
Let p = -48 - -141. What is the remainder when p is divided by 1 + -2 + 99/3?
29
Suppose -27*r + 2577 = -2364. Calculate the remainder when r is divided by 64.
55
Suppose -l + 3 = -5. What is the remainder when (6/l)/((-4)/(-32)) is divided by 4 - (14/35 + 7/(-5))?
1
Let s(l) = -l**2 - 11*l + 16. Suppose -4*k + 0*p + 5*p = 43, 4*p + 4 = 0. Calculate the remainder when s(k) is divided by 4.
0
Let t be (-4)/(-12) + 28/6. Suppose -t = -s + 8. What is the remainder when s + (-7 - -3 - -4) is divided by 8?
5
Suppose -9*j - 172 = -541. What is the remainder when j is divided by 21?
20
Suppose -2*p = -p + o - 85, -4*p + 5*o + 304 = 0. Let d = p + 79. Calculate the remainder when d is divided by 27.
25
Suppose 114*d - 672 = 100*d. Calculate the remainder when 81 is divided by d.
33
Let x(z) = z**2 + 19*z - 13. Let d be x(-11). Let f = d + 144. What is the remainder when f is divided by 15?
13
Let k(v) = 2*v - 3. Suppose -2*g = 12 - 0. Let z be k(g). What is the remainder when (-579)/z - (-4)/10 is divided by 14?
11
Let n(q) = 2 + q + 1 - q + 37*q**2. Let j be n(2). Suppose -y = 2*r - j, -r + 0*y + 3*y = -58. Calculate the remainder when r is divided by 19.
16
Suppose 0 = 4*p - 46 - 6. Let l be -1 - (2/(-1) + -3). Suppose p = 3*c + k, 2*k - 2 = -l*c + 12. Calculate the remainder when 17 is divided by c.
5
What is the remainder when (26 - -6) + -1 - -2 is divided by 9?
6
Let z(s) = -4*s + 122. Let a be z(0). Let r = a + -81. What is the remainder when r is divided by 14?
13
Let m = 45 - 32. Suppose 2*n = -4*l + 22, 5*l - 23 - 9 = -4*n. Suppose 6*f - l*f = 76. Calculate the remainder when f is divided by m.
12
Let j = -767 - -874. What is the remainder when 439 is divided by j?
11
Let x = 201 - 120. What is the remainder when x is divided by 35?
11
Let o be (0 - (0 + 0)) + 33. Let c = 63 + -88. Le